mon divisor of 55 and g?
11
Suppose 4*u - 5 = 11. Let m(a) be the third derivative of 29*a**4/24 - 73*a**3/3 + 6*a**2 + 3. Let x be m(6). What is the greatest common factor of x and u?
4
Let j be (-64)/(-20) + -4 - 108/15. Let d be 3*(j/(-6) - -3). What is the greatest common factor of d and 91?
13
Suppose 2*b - 5*u = 129, -3 - 9 = -4*u. Let l be (-3)/2*b/(-27). Suppose 3*m = 5*c - 17, -3*m = 2*m - 3*c + 7. What is the highest common factor of l and m?
1
Let q(b) = b**3 - 9*b**2 - 13*b - 85. Let u be q(11). Suppose 4*n - 3*m = 5*n + 2, 0 = 4*n + 2*m - 2. Calculate the highest common factor of u and n.
1
Suppose -2*m + 380 = 3*m. Suppose 142*x - 570 = 132*x. Calculate the highest common factor of m and x.
19
Suppose 5*b - 176 = -4*v, 5*b - 6*v = -11*v + 175. Suppose -65 = -5*o + 2*w - 7*w, -2*o = -5*w - 19. What is the highest common divisor of o and b?
12
Let t = 21 + 32. Let o = t - 79. Let v be -2 - o*(-36)/(-8). Calculate the greatest common divisor of v and 46.
23
Suppose 8*n - 696 = 96. Let z = -83 + n. Calculate the highest common factor of z and 80.
16
Suppose -4*p - 2*y + 3 = -7, -5*y - 20 = -5*p. Suppose -1 = -p*l - z - 0, -2*z = -l + 12. Calculate the greatest common divisor of l and 3.
1
Let f = -423 - -467. What is the highest common factor of 121 and f?
11
Suppose 4*z = -42*y + 40*y + 68, 0 = 5*z + y - 79. Let k(q) = -q**2 + 7*q. Let n be k(5). What is the greatest common divisor of n and z?
5
Let b(o) = -o + 16. Let a be b(11). Suppose 65 = a*r - 0*r. Let j = -1 + r. What is the highest common factor of j and 84?
12
Let f(t) = -t**3 + 3*t**2 + 12*t + 1. Let v be f(5). Let d be (v/33)/(2/72). Calculate the greatest common factor of 3 and d.
3
Let i be (-1 - 1)/((-2)/19). Let z(x) = x**3 + 12*x**2 - 14*x + 20. Let t be z(-11). Let p = -143 + t. What is the greatest common factor of i and p?
19
Let b = -5082 + 13251. Let p be (-1)/(-2) - b/(-42). Suppose -5*w + 2*s + p = 3*s, 4*s = -20. What is the greatest common factor of w and 5?
5
Suppose 3 = -x, k - 4*k + 2*x = 0. Let o(a) = -14*a. Let b be o(k). Suppose -2*h - b + 6 = -2*z, -1 = z + 3*h. Calculate the greatest common divisor of 2 and z.
2
Let u(l) = -l**3 - 15*l**2 - 14*l + 6. Let r be u(-15). Suppose r = 4*n - 252. What is the greatest common divisor of 13 and n?
13
Let u = 38 + -34. Let w = -18 - -35. Let p = w - -3. Calculate the highest common factor of u and p.
4
Suppose -3*k + 152 + 190 = 3*c, c = -4*k + 117. Let m = c - 165. Let p = m + 196. What is the highest common factor of 18 and p?
18
Suppose 3*u - 5*l + 3*l = 53, 0 = -2*u + 2*l + 38. Calculate the highest common divisor of u and 16.
1
Let p = -330 - -736. Suppose -p - 322 = -8*d. What is the highest common factor of d and 13?
13
Let w(s) = -s**3 + 11*s**2 + 13*s - 17. Let k be w(12). Let g = k - -11. Suppose -7*c + 4 = -g*c. Calculate the highest common divisor of 2 and c.
2
Suppose -3*l + 13 = -2*q, 0*l + 5*q + 7 = -l. Let r be (-6368)/(-24) - l/9. What is the highest common divisor of r and 53?
53
Suppose -34*r + 830 = -1890. Calculate the highest common divisor of r and 280.
40
Suppose -3*i = -v + 540, 2*i + i + 2*v = -549. Let x = i - -183. Let t = -6 - -11. Calculate the greatest common divisor of t and x.
1
Let d = 25 + -14. Suppose 2*u - 41 + d = 0. Calculate the highest common divisor of u and 5.
5
Let z(j) = -11*j**3 + 13 + 5*j**3 - 9*j**2 + 5*j**3. Let r be z(-9). What is the highest common divisor of r and 1?
1
Let g(c) = -c**2 - 2*c + 33. Let d be g(-7). Let q(r) = -2*r + 8. Let a be q(d). Calculate the highest common divisor of a and 96.
12
Suppose -10 + 33 = t. Suppose -4*o - 45 = t. Let y = o - -28. What is the greatest common divisor of y and 88?
11
Let g be -3 + 24/(0 - -3). Suppose -t = g*q, -2*q + 2*t = -t - 17. Suppose -7 = 6*c - 37. Calculate the highest common factor of q and c.
1
Let k = -6506 + 6516. Let w be 129 + 3 + (-4)/2. What is the highest common factor of w and k?
10
Let i(f) = 2*f**2 + 18*f + 3. Let z be i(-9). Suppose k + z*k = 136. Calculate the greatest common divisor of 51 and k.
17
Let d be (-674)/(-4) + -25*(-8)/80. What is the highest common divisor of d and 36?
9
Let w = -695 + 770. Calculate the highest common factor of 9 and w.
3
Let f(g) = 6*g - 4. Let s be f(-5). Let u be -1 + (-6)/((-18)/(-57)). Let l = u - s. Calculate the greatest common factor of 28 and l.
14
Suppose 29 = 2*k - 61. Suppose 5*v + 362 = -208. Let a = 129 + v. What is the highest common divisor of k and a?
15
Let m = 2 + -6. Let w be 2/8 - 395/m. Let n(q) = -q**3 - 15*q**2 + 36*q + 45. Let d be n(-17). Calculate the highest common divisor of d and w.
11
Suppose 3*o - 2*j = -31 + 363, 0 = 5*o - j - 551. Let d be (-2)/12 - 12/((-1440)/2660). What is the highest common divisor of o and d?
22
Suppose -3*h + 2*m = -79, -4*h + 3*h + 4*m = -23. Let v = -6525 + 6528. What is the greatest common factor of h and v?
3
Let h(z) = z**2 + 2. Let q be h(-8). Suppose -62*v - 484 = -q*v. What is the highest common divisor of 11 and v?
11
Suppose 0 = -5*p + 31 + 19. Let d = 0 - -1. Let t(c) = 15*c**2 - c + 1. Let f be t(d). What is the greatest common factor of f and p?
5
Let r(t) = -t - 7. Let n be r(-12). Suppose 0 = n*p + z - 5*z + 115, -5*p + 5*z - 110 = 0. Let h = 17 - p. Calculate the greatest common divisor of 4 and h.
4
Let t = -16 + 11. Let g be 15 + (3 - t/(-5)). Calculate the greatest common factor of g and 153.
17
Suppose 47 = 2*p + 7. Calculate the highest common factor of p and 45.
5
Suppose 11*l + 5*i = 13*l - 7, -58 = -3*l - 2*i. Calculate the greatest common factor of l and 44.
4
Let c(y) = -3*y**2 + 43*y + 46. Let m be c(15). What is the greatest common factor of m and 328?
8
Suppose 3*x - 83 = -44. Calculate the greatest common divisor of x and 78.
13
Let i = -336 + 356. What is the highest common factor of i and 45?
5
Let k = 198 + -128. Suppose -6*a = -a - k. Suppose 168 = -2*m + 5*m. Calculate the highest common divisor of a and m.
14
Let o be -1*(1 + 1) - -116. Let i be (34 - 5) + 76 + -67. What is the greatest common factor of i and o?
38
Suppose 687 = o - 13*q + 16*q, -2*o + 1394 = 2*q. What is the highest common factor of 26 and o?
26
Let b be (2/(-2))/((-4)/12). Let u(l) = 2*l**3 + 5*l**2 - l. Let w be u(b). Calculate the highest common divisor of w and 12.
12
Suppose 4*h - j - 6432 + 2221 = 0, h + 4*j - 1057 = 0. Suppose 2*b - 11*b + h = 0. What is the greatest common divisor of 9 and b?
9
Let s = 1 - 19. Let m be ((-2)/(-6))/((-2)/s). Suppose -m*v - 4 + 52 = 0. Calculate the greatest common divisor of 16 and v.
16
Let z = 411 + 51. Calculate the greatest common factor of 66 and z.
66
Let s be (-9)/4*(-16)/6. Let u be (-20)/s*12/(-5). Suppose -5089 = -1299*m + 10499. Calculate the greatest common factor of u and m.
4
Let a = -187 - -196. Calculate the greatest common divisor of a and 9.
9
Suppose 0 = 5*q - h - 24, -2*q + 6 + 1 = -3*h. Let j(z) = -3*z + 27. Let i be j(q). Calculate the highest common divisor of i and 132.
12
Suppose 3*z - 18 = u, -4*z - 5*u + 27 - 3 = 0. Suppose -4*l - z + 18 = 0, 0 = 3*j - 2*l - 18. Let a = -62 + 118. Calculate the highest common factor of a and j.
8
Let x be (-8 + -142)*(-8)/20. Calculate the highest common divisor of x and 140.
20
Let s = -95 + 175. Let m = s + -79. Suppose -35 = -4*r - r. Calculate the highest common divisor of m and r.
1
Let l = -422 - -504. What is the highest common divisor of 41 and l?
41
Suppose -r + 6*r = 10, 3*r - 2326 = -5*s. Calculate the highest common factor of 58 and s.
58
Let j = 77 + -20. Calculate the highest common divisor of 57 and j.
57
Let j = -26 - -41. Let u be 9/((-36)/(-32))*((-1035)/36)/(-23). Calculate the highest common factor of j and u.
5
Let w be (-4 + 14)/(9/(191 + -2)). Calculate the highest common factor of w and 28.
14
Let b be 1*(-2)/((-2)/(-1)). Let z be -4*b/4*2. Let m be z*(0 - (-42)/4). What is the greatest common divisor of m and 7?
7
Let a be (-4)/24*-81*4/6. Suppose 15*n = a*n + 1350. Calculate the highest common factor of 25 and n.
25
Let t be 2 - (-1 + -1 + 0). Let o be (3/t)/((-2)/(-8)). Suppose 124*c = -4*f + 119*c + 55, -2*c - 32 = -2*f. Calculate the greatest common divisor of f and o.
3
Let r be 6/(-1) + 8 + 0. Calculate the greatest common divisor of 6 and r.
2
Suppose 1922 = 4*z + 3*x